{"id":154,"date":"2021-03-17T14:29:09","date_gmt":"2021-03-17T17:29:09","guid":{"rendered":"https:\/\/vulcanet.com.br\/empresa-digital\/?page_id=154"},"modified":"2021-12-07T11:57:33","modified_gmt":"2021-12-07T14:57:33","slug":"softwares","status":"publish","type":"page","link":"https:\/\/vulcanet.com.br\/empresa-digital\/softwares\/","title":{"rendered":"Softwares"},"content":{"rendered":"\t\t<div data-elementor-type=\"wp-page\" data-elementor-id=\"154\" class=\"elementor elementor-154\" data-elementor-post-type=\"page\">\n\t\t\t\t\t\t<section class=\"elementor-section elementor-top-section elementor-element elementor-element-7fb42a5 elementor-section-full_width elementor-section-height-default elementor-section-height-default\" data-id=\"7fb42a5\" data-element_type=\"section\">\n\t\t\t\t\t\t<div class=\"elementor-container elementor-column-gap-no\">\n\t\t\t\t\t<div class=\"elementor-column elementor-col-100 elementor-top-column elementor-element elementor-element-397ab08\" data-id=\"397ab08\" data-element_type=\"column\">\n\t\t\t<div class=\"elementor-widget-wrap\">\n\t\t\t\t\t\t\t<\/div>\n\t\t<\/div>\n\t\t\t\t\t<\/div>\n\t\t<\/section>\n\t\t\t\t<\/div>\n\t\t","protected":false},"excerpt":{"rendered":"<p>pe\u00e7aZap Centralize todas as suas vendas em um s\u00f3 lugar! Seus atendentes v\u00e3o ter um \u00fanico n\u00famero e voc\u00ea vai poder oferecer diferentes op\u00e7\u00f5es de canal. Dobre os atendimentos e venda muito mais em menos tempo! Conhe\u00e7a o pe\u00e7aZap Veja todos os benef\u00edcios aqui FoneClick Voc\u00ea n\u00e3o gosta das operadoras de telefonia tradicionais? Aqui voc\u00ea [&hellip;]<\/p>\n","protected":false},"author":5,"featured_media":62388,"parent":0,"menu_order":0,"comment_status":"closed","ping_status":"closed","template":"","meta":{"footnotes":""},"class_list":["post-154","page","type-page","status-publish","has-post-thumbnail","hentry"],"_links":{"self":[{"href":"https:\/\/vulcanet.com.br\/empresa-digital\/wp-json\/wp\/v2\/pages\/154","targetHints":{"allow":["GET"]}}],"collection":[{"href":"https:\/\/vulcanet.com.br\/empresa-digital\/wp-json\/wp\/v2\/pages"}],"about":[{"href":"https:\/\/vulcanet.com.br\/empresa-digital\/wp-json\/wp\/v2\/types\/page"}],"author":[{"embeddable":true,"href":"https:\/\/vulcanet.com.br\/empresa-digital\/wp-json\/wp\/v2\/users\/5"}],"replies":[{"embeddable":true,"href":"https:\/\/vulcanet.com.br\/empresa-digital\/wp-json\/wp\/v2\/comments?post=154"}],"version-history":[{"count":5,"href":"https:\/\/vulcanet.com.br\/empresa-digital\/wp-json\/wp\/v2\/pages\/154\/revisions"}],"predecessor-version":[{"id":67438,"href":"https:\/\/vulcanet.com.br\/empresa-digital\/wp-json\/wp\/v2\/pages\/154\/revisions\/67438"}],"wp:featuredmedia":[{"embeddable":true,"href":"https:\/\/vulcanet.com.br\/empresa-digital\/wp-json\/wp\/v2\/media\/62388"}],"wp:attachment":[{"href":"https:\/\/vulcanet.com.br\/empresa-digital\/wp-json\/wp\/v2\/media?parent=154"}],"curies":[{"name":"wp","href":"https:\/\/api.w.org\/{rel}","templated":true}]}}